
2
What is the hundreds digit of 63558328?
3
What is the units digit of 162876920?
0
What is the thousands digit of 75906880?
6
What is the hundred millions digit of 107967150?
1
What is the millions digit of 141682622?
1
What is the ten millions digit of 40754919?
4
What is the ten millions digit of 174525159?
7
What is the ten millions digit of 5907897299?
0
What is the thousands digit of 90443192?
3
What is the units digit of 35441952?
2
What is the ten thousands digit of 45368678?
6
What is the units digit of 776674321?
1
What is the millions digit of 44099157?
4
What is the millions digit of 2268526852?
8
What is the hundred thousands digit of 170315020?
3
What is the hundreds digit of 2672254122?
1
What is the hundred millions digit of 563191193?
5
What is the hundreds digit of 22558827?
8
What is the ten millions digit of 45450943?
4
What is the ten millions digit of 146699954?
4
What is the thousands digit of 11554848?
4
What is the tens digit of 339563736?
3
What is the thousands digit of 4987155867?
5
What is the tens digit of 288823166?
6
What is the tens digit of 347579423?
2
What is the hundred thousands digit of 750243251?
2
What is the units digit of 15116047?
7
What is the hundreds digit of 5078032?
0
What is the tens digit of 283279533?
3
What is the ten millions digit of 257309163?
5
What is the units digit of 4113107?
7
What is the tens digit of 81218142?
4
What is the thousands digit of 200594247?
4
What is the units digit of 53725426?
6
What is the tens digit of 75113990?
9
What is the ten thousands digit of 2111330916?
3
What is the tens digit of 69913517?
1
What is the thousands digit of 410495621?
5
What is the hundred millions digit of 331446756?
3
What is the thousands digit of 13255289?
5
What is the thousands digit of 11376112?
6
What is the hundred thousands digit of 292153426?
1
What is the units digit of 469833656?
6
What is the units digit of 1921091027?
7
What is the hundreds digit of 2547386907?
9
What is the thousands digit of 2018746835?
6
What is the millions digit of 13903691?
3
What is the tens digit of 67769865?
6
What is the ten thousands digit of 72620509?
2
What is the hundreds digit of 372190734?
7
What is the thousands digit of 171431541?
1
What is the hundred thousands digit of 702001154?
0
What is the thousands digit of 3861706239?
6
What is the ten millions digit of 1351893812?
5
What is the hundred thousands digit of 586551880?
5
What is the tens digit of 55557225?
2
What is the ten millions digit of 39697556?
3
What is the tens digit of 984676629?
2
What is the ten millions digit of 109486983?
0
What is the hundred millions digit of 1610751733?
6
What is the ten thousands digit of 1281634969?
3
What is the units digit of 34846325?
5
What is the ten thousands digit of 196832443?
3
What is the thousands digit of 1227715335?
5
What is the ten millions digit of 118086693?
1
What is the billions digit of 3738688374?
3
What is the tens digit of 39395775?
7
What is the ten millions digit of 126574128?
2
What is the hundred thousands digit of 17786560?
7
What is the hundred millions digit of 532755112?
5
What is the ten millions digit of 2323578085?
2
What is the hundred thousands digit of 80217300?
2
What is the hundreds digit of 4375466451?
4
What is the hundred thousands digit of 55015322?
0
What is the hundreds digit of 5398236904?
9
What is the hundreds digit of 2335656608?
6
What is the ten millions digit of 134571512?
3
What is the hundreds digit of 380031547?
5
What is the hundreds digit of 1577608925?
9
What is the millions digit of 636022725?
6
What is the tens digit of 167689451?
5
What is the ten millions digit of 934574586?
3
What is the millions digit of 2792079108?
2
What is the ten millions digit of 75141082?
7
What is the ten thousands digit of 1265797800?
9
What is the units digit of 10053891?
1
What is the hundred millions digit of 7396687971?
3
What is the tens digit of 571700415?
1
What is the hundred thousands digit of 1552725694?
7
What is the millions digit of 18820406?
8
What is the hundred millions digit of 502961563?
5
What is the ten millions digit of 1047733224?
4
What is the millions digit of 196439515?
6
What is the units digit of 94059628?
8
What is the hundred millions digit of 225406824?
2
What is the tens digit of 58998189?
8
What is the ten thousands digit of 641386088?
8
What is the tens digit of 1660129?
2
What is the millions digit of 4944803?
4
What is the hundred millions digit of 193874462?
1
What is the billions digit of 2374245385?
2
What is the millions digit of 11868369?
1
What is the tens digit of 396567241?
4
What is the hundred millions digit of 603850867?
6
What is the ten thousands digit of 248848902?
4
What is the ten millions digit of 121764056?
2
What is the hundred thousands digit of 908359705?
3
What is the ten millions digit of 242162318?
4
What is the tens digit of 210110131?
3
What is the hundred thousands digit of 55346683?
3
What is the ten thousands digit of 208568666?
6
What is the units digit of 204645536?
6
What is the thousands digit of 29221594?
1
What is the hundreds digit of 158831502?
5
What is the hundred millions digit of 4163607720?
1
What is the hundreds digit of 509332032?
0
What is the millions digit of 94997416?
4
What is the ten millions digit of 52475730?
5
What is the thousands digit of 89629571?
9
What is the millions digit of 23631286?
3
What is the hundreds digit of 23966845?
8
What is the units digit of 2949044344?
4
What is the ten thousands digit of 1397172235?
7
What is the ten millions digit of 132020401?
3
What is the thousands digit of 762687346?
7
What is the ten millions digit of 2075588525?
7
What is the millions digit of 89040030?
9
What is the tens digit of 59579127?
2
What is the units digit of 126070696?
6
What is the ten millions digit of 1306534506?
0
What is the hundred thousands digit of 401721763?
7
What is the millions digit of 53280303?
3
What is the hundred thousands digit of 159122774?
1
What is the hundreds digit of 864794?
7
What is the units digit of 43567441?
1
What is the hundreds digit of 2455906082?
0
What is the ten millions digit of 648225361?
4
What is the ten thousands digit of 386215562?
1
What is the thousands digit of 3341231342?
1
What is the tens digit of 14931407?
0
What is the millions digit of 58970992?
8
What is the ten millions digit of 1211162026?
1
What is the tens digit of 23998761?
6
What is the millions digit of 502706643?
2
What is the hundred thousands digit of 1210384919?
3
What is the hundred thousands digit of 9977480?
9
What is the ten thousands digit of 550880426?
8
What is the ten thousands digit of 1584035942?
3
What is the hundred thousands digit of 263565921?
5
What is the ten millions digit of 2727135409?
2
What is the ten millions digit of 45910826?
4
What is the tens digit of 2479763993?
9
What is the hundreds digit of 43281746?
7
What is the ten thousands digit of 621491154?
9
What is the ten millions digit of 30762535?
3
What is the hundred thousands digit of 5916007171?
0
What is the ten thousands digit of 1107648012?
4
What is the thousands digit of 298500677?
0
What is the millions digit of 1319087379?
9
What is the thousands digit of 6215544395?
4
What is the hundred millions digit of 147998260?
1
What is the hundreds digit of 417691129?
1
What is the hundred millions digit of 1660166972?
6
What is the ten millions digit of 4757560260?
5
What is the hundred thousands digit of 322669453?
6
What is the ten thousands digit of 465795993?
9
What is the hundreds digit of 241602936?
9
What is the millions digit of 2056149105?
6
What is the hundreds digit of 3031058072?
0
What is the hundred thousands digit of 446656050?
6
What is the millions digit of 73116640?
3
What is the ten thousands digit of 68309775?
0
What is the hundreds digit of 81699876?
8
What is the hundreds digit of 417108185?
1
What is the tens digit of 290914836?
3
What is the ten thousands digit of 361305064?
0
What is the hundred thousands digit of 73270993?
2
What is the thousands digit of 158931861?
1
What is the hundred thousands digit of 24210573?
2
What is the hundred millions digit of 130190601?
1
What is the ten millions digit of 161971942?
6
What is the hundred thousands digit of